*2 + 30*r + 71. What is n(-4)?
-17
Let a(b) = -b**3 - 6*b**2 + 604*b + 2403. Calculate a(-4).
-45
Let c(x) = x**3 - 12*x**2 - 10*x - 22. What is c(13)?
17
Let i(v) = 5*v**3 + 19*v**2 + 11*v + 49. What is i(-4)?
-11
Let p(g) = -62*g - 199. Calculate p(2).
-323
Let a(y) = 37*y**2 + 72*y - 3. Calculate a(-2).
1
Let z(q) = -6*q**3 - 149*q**2 + 13*q + 21. Give z(-25).
321
Let p(v) = -v**2 + 31*v - 143. Determine p(6).
7
Let p(d) = -d**2 + 79*d - 1056. Give p(63).
-48
Let y(g) = g - 92. Give y(71).
-21
Let l(u) = 2*u**3 - 15*u**2 + 16*u - 49. Calculate l(7).
14
Let c(z) = -z**3 - 14*z**2 - 13*z + 30. What is c(-8)?
-250
Let g(n) = -n**3 - 18*n**2 + 24*n - 1393. What is g(-22)?
15
Let s(j) = -2*j**3 + 21*j**2 - 43*j + 23. What is s(8)?
-1
Let v(r) = -r**2 - 161*r - 3408. Determine v(-136).
-8
Let f(z) = z**3 - 17*z**2 + 35*z - 4. What is f(15)?
71
Let z(o) = -467*o - 934. Give z(-2).
0
Let c(n) = -n**3 + 79*n**2 + 989*n - 15. What is c(-11)?
-4
Let x(f) = -3*f + 147. What is x(42)?
21
Let l(f) = 4*f**3 - 77*f**2 + 346*f + 21. Give l(12).
-3
Let v(r) = r**3 - r**2 - 16*r - 6. Calculate v(-3).
6
Let n(g) = -457*g - 1849. What is n(-4)?
-21
Let k(s) = 267*s - 10935. What is k(41)?
12
Let k(w) = -5*w**2 - 41*w - 68. Determine k(-5).
12
Let i(n) = -3*n**2 - 64*n - 18. Calculate i(-21).
3
Let b(i) = -i**3 - 23*i**2 - 76*i - 1194. Determine b(-22).
-6
Let n(r) = -r**3 - r**2 + 125*r + 370. Determine n(-3).
13
Let s(b) = -b**3 + 8*b**2 - 47*b + 121. Determine s(4).
-3
Let w(j) = 13*j - 47. Calculate w(3).
-8
Let w(o) = 8982*o + 206589. Determine w(-23).
3
Let o(m) = m**3 - 16*m**2 + 40*m - 387. Calculate o(15).
-12
Let a(q) = -77*q + 636. Give a(8).
20
Let m(i) = i**3 + 55*i**2 + 110*i + 218. Calculate m(-53).
6
Let v(r) = -2*r**2 + 16*r + 24. What is v(9)?
6
Let l(n) = n**3 + n**2 + n + 67. What is l(-5)?
-38
Let t(i) = i**3 - 4*i**2 + 13*i + 32. What is t(-4)?
-148
Let m(i) = -2*i**2 + 40*i - 107. What is m(6)?
61
Let p(q) = -q**2 + 45*q + 530. Give p(-10).
-20
Let b(a) = a**2 - 13*a - 873. Give b(37).
15
Let p(l) = -2*l**3 + 2*l**2 + 26*l - 10. What is p(4)?
-2
Let k(w) = w**2 - 94*w - 9034. Calculate k(-59).
-7
Let a(r) = r**2 + 3409*r - 37633. Determine a(11).
-13
Let a(v) = -v**2 - 29*v + 6268. Calculate a(66).
-2
Let b(r) = 34*r + 121. Give b(7).
359
Let g(q) = 7*q**3 + 8*q**2 - 20*q + 13. Calculate g(1).
8
Let f(u) = 1468*u - 16150. Determine f(11).
-2
Let z(o) = o**2 - 12283*o - 196790. Calculate z(-16).
-6
Let u(l) = -3*l**3 + 72*l**2 + 77*l - 75. Determine u(25).
-25
Let k(q) = q**3 + 43*q**2 - 1346*q - 83. Determine k(-64).
45
Let s(q) = q**2 + 135*q - 1162. Determine s(-143).
-18
Let m(j) = 271*j + 7. What is m(0)?
7
Let n(l) = 80*l + 6501. Determine n(-81).
21
Let h(r) = 4*r**3 + 74*r**2 + 320*r - 7. Give h(-7).
7
Let w(t) = -t**3 + 134*t**2 - 2*t + 193. Calculate w(134).
-75
Let s(c) = c**3 + 49*c**2 + 325*c - 25. What is s(-8)?
-1
Let b(f) = -4*f**2 + 90*f - 236. What is b(3)?
-2
Let r(a) = -1579*a - 378971. Calculate r(-240).
-11
Let q(j) = 353*j + 4241. Calculate q(-12).
5
Let n(y) = 2*y**2 + 984*y + 2939. Determine n(-3).
5
Let t(a) = 151*a**2 - 5*a. What is t(1)?
146
Let g(k) = -k**2 - 26*k - 25. Give g(-25).
0
Let p(l) = 13*l**3 + 3*l - 4. Determine p(1).
12
Let j(s) = -14*s**2 + 1498*s + 5. What is j(107)?
5
Let k(m) = m**2 + 29. Give k(-5).
54
Let g(p) = -31*p**3 + 12*p**2 - 33*p + 23. Calculate g(1).
-29
Let y(b) = -2*b**2 + 10*b + 248. Give y(18).
-220
Let n(m) = -m**3 + m**2 + 34*m - 312. Give n(-8).
-8
Let r(b) = 2*b**3 + 141*b**2 - 70*b + 70. Give r(-71).
-1
Let k(h) = -h**3 - 18*h**2 + 10*h + 8. Determine k(0).
8
Let m(q) = 4*q**2 - 122*q + 405. Determine m(26).
-63
Let v(x) = 502*x - 3977. Determine v(8).
39
Let w(c) = -2*c**3 - 8*c**2 + 11*c + 37. Give w(-4).
-7
Let s(z) = 8*z**3 - 3*z**2 - 90*z + 92. What is s(1)?
7
Let w(f) = -186*f + 14. Determine w(0).
14
Let i(h) = -4076*h + 52984. What is i(13)?
-4
Let p(s) = 116*s**2 - 362*s + 29. Determine p(3).
-13
Let a(g) = g**3 - 12*g**2 + 22*g + 21. Give a(9).
-24
Let h(n) = 486*n + 83591. Give h(-172).
-1
Let o(n) = -65*n**2 + 194*n + 1. Calculate o(3).
-2
Let j(a) = -18*a**2 + 186*a + 365. What is j(12)?
5
Let o(y) = -5*y**3 + 2*y**2 + 2*y + 24. Determine o(0).
24
Let c(y) = y**3 - 10*y**2 - 12*y + 166. Calculate c(9).
-23
Let u(f) = 2*f**2 + 17*f - 136. What is u(9)?
179
Let g(c) = -7*c + 44. Determine g(-2).
58
Let z(k) = -5*k**3 + 2*k**2 + 6*k + 5. Calculate z(-1).
6
Let x(c) = -37*c + 362. Give x(19).
-341
Let d(s) = -433*s + 2173. Determine d(5).
8
Let q(u) = -10*u**2 - 166*u + 40. Determine q(-15).
280
Let d(i) = -i**3 + 130*i**2 - 530*i + 96. Calculate d(4).
-8
Let j(m) = -m**3 + 9*m**2 + 8*m - 71. Determine j(8).
57
Let u(c) = -1028*c - 3114. Give u(-3).
-30
Let r(a) = a**2 - 21*a + 83. Give r(20).
63
Let i(j) = -j**2 + 55*j - 739. Give i(28).
17
Let i(h) = -3*h**2 - 70*h - 157. Give i(-21).
-10
Let i(m) = -m**2 + 585*m - 1743. Give i(3).
3
Let m(r) = 14*r**2 - 180*r + 2. Calculate m(14).
226
Let f(x) = -2*x**2 - 36*x + 283. Calculate f(-24).
-5
Let k(h) = -857*h + 3419. What is k(4)?
-9
Let q(u) = -u**3 - 28*u**2 - 43*u + 85. Calculate q(-26).
-149
Let f(h) = -2*h**2 - 5*h + 522. What is f(15)?
-3
Let f(i) = -4*i**3 + 136*i**2 + 285*i + 111. Calculate f(36).
3
Let f(y) = -179*y - 4637. Calculate f(-26).
17
Let o(m) = -m**3 + 10*m**2 - 65*m + 387. Give o(9).
-117
Let x(q) = -40*q**2 - 166*q + 492. Calculate x(2).
0
Let m(v) = 1372*v + 2693. Determine m(-2).
-51
Let r(f) = -117*f + 5619. What is r(47)?
120
Let h(k) = k**3 + k**2 + 4*k - 14. Calculate h(4).
82
Let r(j) = j**3 + 86*j**2 - 86*j + 16. Calculate r(-87).
-71
Let j(b) = -52*b + 564. Calculate j(0).
564
Let j(h) = -2*h**3 - 38*h**2 - 74*h - 5. Give j(-2).
7
Let u(l) = l**3 - 23*l**2 - 21*l - 75. Give u(24).
-3
Let b(o) = -o**3 - o**2 + 3*o + 2. What is b(4)?
-66
Let r(l) = 9*l**2 - 147*l + 134. Calculate r(12).
-334
Let d(k) = -k**2 + 11*k. What is d(11)?
0
Let c(p) = -58*p + 1246. What is c(21)?
28
Let i(n) = 9*n + 23. Give i(-22).
-175
Let l(o) = 30*o + 1010. Determine l(-34).
-10
Let t(i) = -3*i**3 - 435*i**2 + 2*i + 297. Calculate t(-145).
7
Let q(f) = 349*f + 788. What is q(-2)?
90
Let w(s) = -3468*s - 13872. Calculate w(-4).
0
Let k(r) = -r**2 + 18*r + 567. Calculate k(34).
23
Let b(k) = -k**2 + 38*k - 9. Calculate b(38).
-9
Let a(o) = 8*o + 145. Calculate a(-5).
105
Let l(i) = 2*i**3 + 123*i**2 - 60*i + 129. Calculate l(-62).
5
Let f(j) = -116*j**2 - 345*j - 7. Give f(-3).
-16
Let r(p) = 2*p**2 + 29*p + 68. Calculate r(-11).
-9
Let d(n) = 756*n - 3025. Calculate d(4).
-1
Let j(r) = -r**3 - 23*r**2 - 29*r - 601. What is j(-23)?
66
Let x(v) = -3*v**3 + 271*v**2 + 267*v - 4. Give x(-1).
3
Let l(k) = -k**2 - 13*k - 42. Calculate l(-7).
0
Let n(b) = b**3 + 7*b**2 - 88*b - 610. Give n(-7).
6
Let h(l) = 3*l**2 - 12*l + 46. Calculate h(7).
109
Let n(j) = -1315*j + 2480. Calculate n(2).
-150
Let g(y) = -20*y**3 - 2*y**2 + 129*y - 128. Determine g(1).
-21
Let o(b) = 12*b**3 + 228*b**2 - 7*b - 144. Give o(-19).
-11
Let v(p) = 19*p**2 + 1577*p - 144. Give v(-83).
-144
Let m(p) = 10*p - 957. Determine m(94).
-17
Let t(f) = f**3 - 17*f**2 + 16*f + 44. Determine t(16).
44
Let b(m) = -64*m + 4098. Give b(65).
-62
Let m(u) = 10*u - 52. What is m(-4)?
-92
Let f(v) = -v**2 - 17*v - 89. Calculate f(-13).
-37
Let q(s) = -17*s**3 + 253*s**2 + 42*s - 204. Give q(15).
-24
Let d(j) = j**2 + 163*j - 1633. What is d(11)?
281
Let g(w) = -w**2 - 29*w + 157. Calculate g(-18).
355
Let o(f) = -91*f - 3847. Give o(-42).
-25
Let n(l) = l**3 - 87*l**2 + 221*l - 4324. Give n(85).
11
Let i(j) = -j**3 + 16*j**2 - 38*j - 21. Give i(13).
-8
Let y(f) = -6*f**2 - 6*f + 2. Determine y(-2).
-10
Let v(a) = 13*a + 254. Determine v(-23).
-45
Let n(o) = 2*o**2 - 10*o + 57. What is n(10)?
157
Let u(r) = 68*r + 5518. Give u(-82).
-58
Let t(p) = -128*p**2 - 1413*p - 63. What is t(-11)?
-8
Let j(z) = -z**3 + 61*z**2 - 429*z + 2779. Calculate j(54).
25
Let s(b) = -b**3 - 6*b**2 + 29*b + 263. Give s(-7).
109
Let j(z) = 225*z + 2063. Give j(-9).
38
Let z(p) = p**3 + 4*p**2 + 16*p - 88. What is z(3)?
23
Let t(h) = h**2 + 89*h + 1710. Give t(-61).
2
Let v(y) = -y**2 - 68*y + 1040. What is v(-81)?
-13
Let m(j) = -3*j**3 - 9*j**2 + 11*j + 7. Determine m(-4).
1